 the units digit of w?
6
Suppose 0 = 3*v - 6 + 24. Let y = v - -8. What is the units digit of 2/((-16)/(-7) - y)?
7
Let p(i) = i**3 + 5*i**2 + 3*i + 7. Let v be p(-5). Let o be -2 + -2 + v/(-1). Suppose 11 = -o*t + 31. What is the units digit of t?
5
Let h = 58 - 5. What is the tens digit of h?
5
Let c be 2/12 - 55/(-30). Suppose 28 = x - c*v - 7, -4*v = -16. What is the tens digit of x?
4
Let g(p) be the third derivative of p**4/24 - p**3/6 + 2*p**2. Let h be g(-3). What is the tens digit of h/((-4)/5)*2?
1
Let c(f) = -f**3 - 6*f**2 - f - 7. Let t be c(-6). Let h = t - -15. What is the tens digit of h?
1
Let q = 3 - 6. Let w be (q/(-9))/((-1)/(-9)). Suppose -w*p - 2*p = -45. What is the units digit of p?
9
Let b(i) = -3*i**2 - 4*i. Let j(o) be the third derivative of -o**5/30 - o**4/8 - 3*o**2. Let u(s) = -5*b(s) + 6*j(s). What is the units digit of u(-2)?
8
Let h(m) be the third derivative of -m**4/12 - m**3/6 - 7*m**2. What is the units digit of h(-2)?
3
Let z be -17 + -3 + 2 - -2. Let l = z - -38. What is the tens digit of l?
2
Suppose 4*j = f - 21 - 1, 5*j - 160 = -5*f. Suppose -z + 3*g = -36, -2*z = -z - g - f. What is the units digit of z?
7
Let o(x) = -x**3 - 10*x**2 - 9*x + 3. Let j be o(-9). Suppose 3*g - 15 = -j. What is the units digit of g?
4
Let w(t) be the second derivative of -t**3/6 + t**2 + 2*t. Let d be w(2). What is the tens digit of (7 + 3)/1 - d?
1
Let d(v) = -32*v + 5. What is the hundreds digit of d(-7)?
2
Let d(q) be the third derivative of q**6/120 - 7*q**5/30 + 5*q**4/8 - 19*q**3/6 - 4*q**2. What is the units digit of d(13)?
7
What is the units digit of ((-9)/(90/(-388)))/((-2)/(-5))?
7
Let y(j) = -j**2 - 7*j - 1. Let c be y(-7). What is the units digit of (-1)/((-14)/12 - c)?
6
Suppose -2*u - 44 = 2*u. Let m = -8 - u. What is the units digit of m?
3
Suppose -2*y + 3*j + 29 + 90 = 0, -y + j + 57 = 0. Let h = -21 + y. What is the tens digit of h?
3
Let h(p) be the second derivative of p**4/4 - p**3/3 + p**2 + 6*p. What is the tens digit of h(2)?
1
Let m = 132 + -87. What is the units digit of m?
5
Let w be (-10)/(6/(-3))*1. Let d(g) = g**3 - 5*g**2 + 3*g - 7. What is the units digit of d(w)?
8
Let z = 7 + -3. Suppose v = -5*i + 3*i + 17, -4*v - z*i + 56 = 0. Suppose v = y - 0. What is the units digit of y?
1
Suppose 0 = -4*n + 3*z + 28, 0*n + 20 = n - 4*z. Suppose -k + 8 = -n*l + 4*k, 5*k - 20 = 0. What is the units digit of l?
3
Let z(u) = u**2 - u + 2. Let a be z(0). Suppose -a*c + 14 = 4. What is the units digit of c?
5
Suppose 0*k - k = -u + 25, u - 5*k = 13. What is the units digit of u?
8
Let k(c) = c**2 + 12*c + 11. Let v be k(-11). Let i(u) = u**2 - u - 2. Let f be i(v). What is the units digit of 0 - (f + 1 + -3)?
4
Suppose -5*j = 3*n - 6 - 5, 7 = 4*n - j. Suppose 4*k = -8, 5*f + n*k = 12 + 4. What is the units digit of f?
4
What is the units digit of 32/14 - 16/56?
2
Let l = -22 + 358. What is the tens digit of l?
3
Let d = -3 + 16. What is the tens digit of d?
1
Let x(q) = -71*q + 4. What is the units digit of x(-1)?
5
Let k = -361 - -557. What is the units digit of k?
6
Suppose 2*v - 1 = 7. Suppose -v*n + 4 + 36 = 0. Suppose -4*b + 3*b + z + n = 0, 5*b - z - 42 = 0. What is the units digit of b?
8
Let r(b) = b**2 + 6*b + 3. Let d be r(-4). Let x be (1 + 0)*-1*-11. Let f = d + x. What is the units digit of f?
6
What is the units digit of (4/14)/(-2*7/(-49))?
1
Let n(p) = -5*p + 1. Let g(x) = -21*x + 4. Let s(l) = -2*g(l) + 9*n(l). Suppose -h + 3 = -4*h. What is the units digit of s(h)?
4
Suppose -10 = -3*a + 3*t + t, -4*a + t + 22 = 0. Let b be -1 + 30 - (4 - a). Suppose 0 = d + 2*g - 4 + 5, -g + b = 5*d. What is the units digit of d?
7
Let h(a) = -7*a**3 - 2*a**2 - 2*a - 1. Let i be h(-1). Let v = i - 4. Suppose -o - 5 = -1, v*q - o - 16 = 0. What is the units digit of q?
6
Let k(q) = -q**3 - 12*q**2 + 13*q + 8. Suppose v = -17 + 4. What is the units digit of k(v)?
8
Suppose -2*p - t = -3, -t - 2 = -3*p - 0*p. What is the units digit of p?
1
Let o(h) = 6*h - 2. Let v be o(6). Suppose -r + 25 = 3*m, -2*r + v = -0*r + 2*m. Suppose 0 = 2*g - 5 - r. What is the units digit of g?
9
Suppose 1 = 4*o + 9. Let b(f) = -9*f - 1. What is the units digit of b(o)?
7
Suppose 44 = c + 4*f, 3*c + 3*f - 7*f - 52 = 0. What is the tens digit of c?
2
Suppose -u = -4*l - 28, -4*u - 4*l = -l - 93. What is the tens digit of u?
2
Suppose -84 = -3*t - 12. What is the tens digit of t?
2
Let l = 258 - 166. What is the tens digit of l?
9
Suppose -2*r = -2*v + v + 35, -2*v + 2*r + 70 = 0. What is the tens digit of v?
3
Let k(j) be the second derivative of 5*j**4/12 + 5*j**3/6 + 3*j**2/2 + 5*j. What is the units digit of k(-3)?
3
Let g = -10 - -12. Suppose 5*o + 23 = -n, -g*n + 6*n = o + 13. Suppose -w + 4*v + 3 = 11, 0 = n*w - 4*v + 4. What is the units digit of w?
4
Let y(p) = -5*p**2 + 1 + 0 + 4*p**2 - 5*p + 4. Let x = -9 + 4. What is the units digit of y(x)?
5
Let h(n) = n**2 + 9*n + 2. Let z(s) = -s**3 + 5*s**2 - 4*s + 4. Let m be z(3). Suppose -m = -a - 4*j, -j - 10 = 2*a + j. What is the units digit of h(a)?
2
Suppose -p - 2*p + 66 = 4*m, -44 = -3*m - 5*p. What is the tens digit of m?
1
Let j(p) = -p**2 + 3*p - 5. Let w be j(0). Suppose -18 = q + 2*q. Let a = w - q. What is the units digit of a?
1
Let h = 183 + -103. What is the tens digit of h?
8
Let f(u) = 179*u**3 + u**2 + u - 2. What is the hundreds digit of f(1)?
1
Let y(p) = p**2 - 6*p + 4. Let t(u) = u**3 + 12*u**2 + 10*u - 5. Let a be t(-11). What is the units digit of y(a)?
4
Suppose -3*i + 0*i + 78 = 0. What is the units digit of i?
6
Let f = -1 - -6. Let b = f + -4. What is the units digit of b/2*(-18)/(-1)?
9
Suppose -3*u + 15 = 3*v, -2*v + 4 = u - 5. Suppose -24 = -v*b + 8. Suppose -16 = -4*q + 5*s, -4*s = -2*q - s + b. What is the units digit of q?
4
Let j be ((-1)/(-2))/((-5)/(-20)). What is the units digit of (-21)/(-1 + -2) + j?
9
Suppose -3*d + 2*d = 3*o - 1, 23 = -3*d + 4*o. Let y = 14 + d. What is the units digit of y?
9
Let y(i) = i**2 - 2*i - 2. Suppose 0*v - 18 = -4*h + v, 4 = -h - 4*v. Suppose 0 = -4*t + h*o - 6*o - 18, 4*t - 3*o - 7 = 0. What is the units digit of y(t)?
6
Let x(j) = 3*j. Let i be x(-2). Let w be ((-4)/(-6))/((-4)/i). What is the tens digit of 12 - (0/(-3) + w)?
1
What is the units digit of 131/((-1)/(-3 + (-3)/(-3)))?
2
Let r = 20 - 20. Suppose r = 2*o - 2 - 20. What is the tens digit of o?
1
Suppose 3*s = 5*k - 2*s, -2*s - 12 = -5*k. What is the units digit of k?
4
Let o be (-4)/14 + (-1860)/(-42). Let j = o + -21. What is the units digit of j?
3
Let l be (-6)/(-15) - 26/(-10). Suppose l*f - 3*i + 94 = 7*f, -120 = -5*f - 5*i. What is the tens digit of f?
2
Suppose 0 = -10*r + 9*r + 27. What is the tens digit of r?
2
Let c = 717 + -416. What is the hundreds digit of c?
3
Suppose 5*v + 2 = p - 6, -2*p + 3 = 3*v. Let i = p + 2. Suppose 4*s + 19 = 4*c - i, 5*c = -4*s - 15. What is the units digit of c?
1
Let k be (-21)/(-14) + 30/4. Let i be k*(-3)/3*-1. Let j(w) = 2*w - 13. What is the units digit of j(i)?
5
Suppose 3*o - 5*l = 326, -4*o = -2*l + 4*l - 400. What is the units digit of o?
2
What is the units digit of (-3 - 10)*(-8 - -4)?
2
Suppose 8 = t - 4. What is the tens digit of t?
1
Suppose 5*r - 4*r = 2. Suppose -3*i - 5*a + 2 - 9 = 0, i = r*a - 17. What is the units digit of (5/(-3))/(1/i)?
5
Let i = -10 - -4. Let h be 5/(-15) - 50/i. Suppose -h - 6 = -3*t + 2*o, 23 = 5*t - 3*o. What is the units digit of t?
4
Suppose 0 = -i - 7. Let u(b) = 11*b**2 + 2*b + 1. Let v be u(-1). Let l = i + v. What is the units digit of l?
3
What is the hundreds digit of 267/(-3 - (-4 + 0))?
2
Let r be 2/(3/(9/2)). Suppose 6*i - 3*n - 43 = 4*i, 22 = r*i + 4*n. What is the tens digit of i?
1
Suppose 12 = -0*m + m. Suppose 0 = -2*s + 5*s - m. Suppose 0 = -s*h + q + 47, 2*h + q = -3*q + 10. What is the units digit of h?
1
Suppose 0 = -2*z - 12 + 138. What is the units digit of z?
3
Suppose b = -4*c + 12, -3*b + b = 5*c - 18. What is the tens digit of ((-6)/5)/(b/(-90))?
2
Let j = -9 - -12. What is the tens digit of (2 - j)/(7/(-77))?
1
Let z = 13 - 18. Let h(i) = i**2 + 2*i. What is the tens digit of h(z)?
1
Let b = 46 - -126. What is the units digit of b?
2
Let m(w) be the third derivative of w**6/120 - 3*w**5/20 + 3*w**4/8 - w**3/6 - 2*w**2. Let u be 